culate the remainder when 1712 is divided by 278.
44
Calculate the remainder when 248757 is divided by 18.
15
What is the remainder when 54148 is divided by 27060?
28
What is the remainder when 1886 is divided by 1885?
1
Calculate the remainder when 989427 is divided by 767.
764
Calculate the remainder when 27708 is divided by 6900.
108
What is the remainder when 52435 is divided by 173?
16
What is the remainder when 140710 is divided by 8794?
6
What is the remainder when 52554 is divided by 139?
12
Calculate the remainder when 17903 is divided by 24.
23
What is the remainder when 90687 is divided by 732?
651
What is the remainder when 68043 is divided by 31?
29
What is the remainder when 915 is divided by 133?
117
What is the remainder when 85902 is divided by 45?
42
What is the remainder when 425 is divided by 136?
17
What is the remainder when 1976 is divided by 55?
51
Calculate the remainder when 3385 is divided by 1705.
1680
Calculate the remainder when 125238 is divided by 222.
30
What is the remainder when 414867 is divided by 138288?
3
What is the remainder when 1615 is divided by 469?
208
What is the remainder when 14283 is divided by 16?
11
Calculate the remainder when 41856 is divided by 150.
6
Calculate the remainder when 53576 is divided by 7.
5
What is the remainder when 271383 is divided by 460?
443
Calculate the remainder when 8864 is divided by 43.
6
What is the remainder when 5096 is divided by 40?
16
Calculate the remainder when 52721 is divided by 42.
11
What is the remainder when 5494 is divided by 1094?
24
What is the remainder when 1903727 is divided by 68?
67
Calculate the remainder when 119069 is divided by 575.
44
Calculate the remainder when 4598 is divided by 1130.
78
Calculate the remainder when 14612 is divided by 388.
256
Calculate the remainder when 358082 is divided by 9.
8
What is the remainder when 38021 is divided by 198?
5
Calculate the remainder when 6953981 is divided by 16.
13
What is the remainder when 14893 is divided by 875?
18
What is the remainder when 37516 is divided by 37491?
25
Calculate the remainder when 28956 is divided by 23.
22
Calculate the remainder when 1108 is divided by 319.
151
What is the remainder when 99987 is divided by 41?
29
Calculate the remainder when 13659 is divided by 6829.
1
What is the remainder when 9508 is divided by 51?
22
What is the remainder when 118946 is divided by 122?
118
What is the remainder when 25474 is divided by 12737?
0
What is the remainder when 125816 is divided by 1325?
1266
What is the remainder when 46650 is divided by 15515?
105
What is the remainder when 447378 is divided by 21?
15
What is the remainder when 4446482 is divided by 29?
28
What is the remainder when 2633 is divided by 171?
68
What is the remainder when 23965 is divided by 59?
11
What is the remainder when 4724 is divided by 1165?
64
Calculate the remainder when 702974 is divided by 90.
74
Calculate the remainder when 88239 is divided by 971.
849
What is the remainder when 11096 is divided by 3684?
44
What is the remainder when 1585 is divided by 26?
25
Calculate the remainder when 14266 is divided by 384.
58
Calculate the remainder when 63728 is divided by 181.
16
Calculate the remainder when 50459 is divided by 179.
160
Calculate the remainder when 34695 is divided by 34647.
48
What is the remainder when 24985 is divided by 227?
15
What is the remainder when 25694 is divided by 146?
144
Calculate the remainder when 89241 is divided by 1747.
144
Calculate the remainder when 13865 is divided by 21.
5
What is the remainder when 9905 is divided by 16?
1
What is the remainder when 274611 is divided by 690?
681
Calculate the remainder when 3083 is divided by 392.
339
What is the remainder when 376768 is divided by 37?
34
Calculate the remainder when 41138 is divided by 873.
107
Calculate the remainder when 3548 is divided by 281.
176
Calculate the remainder when 70181 is divided by 7794.
35
Calculate the remainder when 827914 is divided by 17.
14
Calculate the remainder when 72728 is divided by 370.
208
Calculate the remainder when 5897 is divided by 253.
78
What is the remainder when 965 is divided by 831?
134
Calculate the remainder when 353979 is divided by 27228.
15
Calculate the remainder when 1060292 is divided by 48195.
2
Calculate the remainder when 94555 is divided by 23635.
15
Calculate the remainder when 31464 is divided by 533.
17
Calculate the remainder when 8475 is divided by 61.
57
What is the remainder when 82417 is divided by 11?
5
What is the remainder when 12717 is divided by 1407?
54
Calculate the remainder when 87867 is divided by 43932.
3
What is the remainder when 20979 is divided by 27?
0
What is the remainder when 658396 is divided by 541?
540
Calculate the remainder when 393802 is divided by 17.
14
What is the remainder when 2137 is divided by 25?
12
Calculate the remainder when 27228 is divided by 155.
103
Calculate the remainder when 40 is divided by 19.
2
Calculate the remainder when 8652 is divided by 39.
33
What is the remainder when 12888 is divided by 5660?
1568
What is the remainder when 16015 is divided by 1151?
1052
Calculate the remainder when 341547 is divided by 110.
107
What is the remainder when 15399 is divided by 1050?
699
What is the remainder when 18010 is divided by 76?
74
What is the remainder when 249287 is divided by 47?
46
What is the remainder when 1928 is divided by 4?
0
What is the remainder when 2323 is divided by 208?
35
What is the remainder when 4799 is divided by 89?
82
What is the remainder when 7457 is divided by 153?
113
What is the remainder when 64496 is divided by 2479?
42
What is the remainder when 8701 is divided by 27?
7
Calculate the remainder when 32712 is divided by 21.
15
Calculate the remainder when 331376 is divided by 49.
38
What is the remainder when 1218524 is divided by 48?
44
What is the remainder when 115173 is divided by 8859?
6
What is the remainder when 10243 is divided by 5?
3
Calculate the remainder when 58325 is divided by 581.
225
What is the remainder when 227 is divided by 73?
8
Calculate the remainder when 36791 is divided by 72.
71
Calculate the remainder when 6713 is divided by 54.
17
Calculate the remainder when 3056 is divided by 239.
188
Calculate the remainder when 971 is divided by 368.
235
Calculate the remainder when 103654 is divided by 111.
91
What is the remainder when 872103 is divided by 55?
23
What is the remainder when 145805 is divided by 18?
5
Calculate the remainder when 18730 is divided by 91.
75
What is the remainder when 412910 is divided by 5?
0
Calculate the remainder when 2300 is divided by 1834.
466
What is the remainder when 961 is divided by 271?
148
Calculate the remainder when 91318 is divided by 77.
73
Calculate the remainder when 28726053 is divided by 204.
201
What is the remainder when 3920 is divided by 3535?
385
Calculate the remainder when 13478 is divided by 750.
728
What is the remainder when 13674 is divided by 29?
15
Calculate the remainder when 33735 is divided by 592.
583
What is the remainder when 16425 is divided by 46?
3
Calculate the remainder when 354378 is divided by 389.
388
What is the remainder when 9366 is divided by 334?
14
Calculate the remainder when 842062 is divided by 49.
46
Calculate the remainder when 40369 is divided by 13427.
88
What is the remainder when 158155 is divided by 11?
8
Calculate the remainder when 21117 is divided by 88.
85
Calculate the remainder when 31475 is divided by 543.
524
What is the remainder when 455887 is divided by 227941?
5
What is the remainder when 25238 is divided by 21?
17
Calculate the remainder when 67778 is divided by 713.
43
What is the remainder when 181198 is divided by 49?
45
What is the remainder when 10646 is divided by 823?
770
What is the remainder when 264949 is divided by 350?
349
Calculate the remainder when 58792 is divided by 151.
53
Calculate the remainder when 786476 is divided by 706.
698
What is the remainder when 4925 is divided by 308?
305
What is the remainder when 4486 is divided by 66?
64
Calculate the remainder when 271223 is divided by 571.
569
Calculate the remainder when 628 is divided by 271.
86
What is the remainder when 4782 is divided by 4781?
1
Calculate the remainder whe